{"id":36,"date":"2022-10-06T08:49:20","date_gmt":"2022-10-06T08:49:20","guid":{"rendered":"https:\/\/www.villaneumann.net\/?page_id=36"},"modified":"2025-08-12T18:34:54","modified_gmt":"2025-08-12T16:34:54","slug":"about","status":"publish","type":"page","link":"https:\/\/www.villaneumann.net\/","title":{"rendered":"\u00dcber Villa Neumann"},"content":{"rendered":"\n<p>Seit 2001 gibt es &#8222;Handarbeit aus der Villa Neumann&#8220; &#8211; ein Geb\u00e4ude, das schon stand, bevor Christopher Kolumbus seinen ersten Fuss auf das vermeintliche Indien gesetzt hatte: im Jahr 1456 war es als Haus Nummer drei an der Strasse Nummer 5 in G\u00e4rtringen bekannt. Nat\u00fcrlich gab es durch die Jahrhunderte seitdem unz\u00e4hlige Um- und Anbauten. Momentan bauen wir unseren Web Shop auf: <a href=\"https:\/\/www.snadi.de\" data-type=\"URL\" data-id=\"https:\/\/www.snadi.de\" target=\"_blank\" rel=\"noreferrer noopener\">SNADI<\/a><\/p>\n\n\n\n<p>Auch die Villa Neumann hat sich seit 2001 ver\u00e4ndert. In 2003 kam die IT Unternehmensberatung dazu und von 2003 bis Ende 2009 haben wir schwerpunktm\u00e4\u00dfig Kunden in Gro\u00dfbritannien bedient:<\/p>\n\n\n\n<ul class=\"wp-block-list\">\n<li>2003-2005 Royal Bank of Scotland London\/Edinburgh UK<\/li>\n\n\n\n<li>2006-2006 7irene Ltd\/IBM UK<\/li>\n\n\n\n<li>2006-2006 Atos Origin UK<\/li>\n\n\n\n<li>2006-2009 Ford Financials UK\/Europe<\/li>\n<\/ul>\n\n\n\n<p>Danach gab es die folgenden Projekte:<\/p>\n\n\n\n<ul class=\"wp-block-list\">\n<li>2010-2012 International Institute of Tropical Agriculture in Nigeria, Manager IT Systems (<a href=\"https:\/\/www.villaneumann.net\/wp-content\/uploads\/2023\/07\/The-Bulletin-11-15-January-2010-No.-1999.pdf\" data-type=\"attachment\" data-id=\"710\">hier<\/a>)<\/li>\n\n\n\n<li>2012-2013 World Vision International in Ha\u00efti, IT Direktor (<a href=\"https:\/\/www.villaneumann.net\/index.php\/en\/2022\/10\/16\/it-director-for-global-ingo-haiti-country-office\/\">hier<\/a>)<\/li>\n\n\n\n<li>2013-2016 World Vision International in Kambodscha, Senior Manager General Support Services (<a href=\"https:\/\/www.villaneumann.net\/index.php\/2022\/10\/16\/senior-manager-for-it-and-general-support-services-for-global-ingo-cambodia-branch\/\">hier<\/a>)<\/li>\n\n\n\n<li>2017-2018 BASF Business Services GmbH in Mannheim, Atlassian Consultancy (<a href=\"https:\/\/www.villaneumann.net\/index.php\/2022\/10\/16\/devops-advisor-rollout-for-global-chemical-organization\/\">hier<\/a>)<\/li>\n\n\n\n<li>2018-2020 Daimler AG in Sindelfingen, Project Management (<a href=\"https:\/\/www.villaneumann.net\/index.php\/2022\/10\/16\/project-lead-rollout\/\">hier<\/a>)<\/li>\n\n\n\n<li>2020-2022 Ministry of Planning, Royal Government of Cambodia, Digitalization of IDPoor data base (<a href=\"https:\/\/www.villaneumann.net\/index.php\/2022\/10\/16\/digital-consultant-to-the-ministry-of-planning-cambodia\/\">hier<\/a>)<\/li>\n\n\n\n<li>2021-2022 Major Pharmaceutical in Germany, Coupa Migration<\/li>\n\n\n\n<li>2022 Breakwater Solutions, Consultancy<\/li>\n\n\n\n<li>2023 BayWa r.e. AG, Atlassian Consultancy<\/li>\n\n\n\n<li>2023-2024 Hoffmann Group, Atlassian Consultancy<\/li>\n\n\n\n<li>2023-present Communardo\/Automotive, Atlassian Consultancy (<a href=\"https:\/\/www.villaneumann.net\/index.php\/2023\/02\/22\/atlassian-consultancy-with-communardo\/\">hier<\/a>)<\/li>\n\n\n\n<li>2025-present Academia, Atlassian Consultancy<\/li>\n<\/ul>\n","protected":false},"excerpt":{"rendered":"<p>Seit 2001 gibt es &#8222;Handarbeit aus der Villa Neumann&#8220; &#8211; ein Geb\u00e4ude, das schon stand, bevor Christopher Kolumbus seinen ersten Fuss auf das vermeintliche Indien gesetzt hatte: im Jahr 1456 war es als Haus Nummer drei an der Strasse Nummer 5 in G\u00e4rtringen bekannt. Nat\u00fcrlich gab es durch die Jahrhunderte seitdem unz\u00e4hlige Um- und Anbauten.&hellip;<\/p>\n<p class=\"more-link\"><a href=\"https:\/\/www.villaneumann.net\/\" class=\"themebutton2\">Read More<\/a><\/p>\n","protected":false},"author":1,"featured_media":0,"parent":0,"menu_order":1,"comment_status":"closed","ping_status":"closed","template":"","meta":{"footnotes":""},"categories":[],"tags":[],"class_list":["post-36","page","type-page","status-publish","hentry"],"jetpack-related-posts":[],"jetpack_sharing_enabled":true,"_links":{"self":[{"href":"https:\/\/www.villaneumann.net\/index.php\/wp-json\/wp\/v2\/pages\/36","targetHints":{"allow":["GET"]}}],"collection":[{"href":"https:\/\/www.villaneumann.net\/index.php\/wp-json\/wp\/v2\/pages"}],"about":[{"href":"https:\/\/www.villaneumann.net\/index.php\/wp-json\/wp\/v2\/types\/page"}],"author":[{"embeddable":true,"href":"https:\/\/www.villaneumann.net\/index.php\/wp-json\/wp\/v2\/users\/1"}],"replies":[{"embeddable":true,"href":"https:\/\/www.villaneumann.net\/index.php\/wp-json\/wp\/v2\/comments?post=36"}],"version-history":[{"count":24,"href":"https:\/\/www.villaneumann.net\/index.php\/wp-json\/wp\/v2\/pages\/36\/revisions"}],"predecessor-version":[{"id":5752,"href":"https:\/\/www.villaneumann.net\/index.php\/wp-json\/wp\/v2\/pages\/36\/revisions\/5752"}],"wp:attachment":[{"href":"https:\/\/www.villaneumann.net\/index.php\/wp-json\/wp\/v2\/media?parent=36"}],"wp:term":[{"taxonomy":"category","embeddable":true,"href":"https:\/\/www.villaneumann.net\/index.php\/wp-json\/wp\/v2\/categories?post=36"},{"taxonomy":"post_tag","embeddable":true,"href":"https:\/\/www.villaneumann.net\/index.php\/wp-json\/wp\/v2\/tags?post=36"}],"curies":[{"name":"wp","href":"https:\/\/api.w.org\/{rel}","templated":true}]}}